{"id":3,"date":"2025-05-13T10:25:32","date_gmt":"2025-05-13T10:25:32","guid":{"rendered":"https:\/\/babyhouse-fr.com\/?page_id=3"},"modified":"2025-12-01T12:54:55","modified_gmt":"2025-12-01T12:54:55","slug":"privacy-policy","status":"publish","type":"page","link":"https:\/\/babyhouse-fr.com\/?page_id=3","title":{"rendered":"Politique de confidentialit\u00e9"},"content":{"rendered":"\t\t<div data-elementor-type=\"wp-page\" data-elementor-id=\"3\" class=\"elementor elementor-3\" data-elementor-post-type=\"page\">\n\t\t\t\t<div class=\"elementor-element elementor-element-5413ac7 e-flex e-con-boxed e-con e-parent\" data-id=\"5413ac7\" data-element_type=\"container\">\n\t\t\t\t\t<div class=\"e-con-inner\">\n\t\t\t\t<div class=\"elementor-element elementor-element-7d872b42 elementor-widget elementor-widget-text-editor\" data-id=\"7d872b42\" data-element_type=\"widget\" data-widget_type=\"text-editor.default\">\n\t\t\t\t<div class=\"elementor-widget-container\">\n\t\t\t\t\t\t\t\t\t<div class=\"shopify-policy__body\">\n<div class=\"rte\">\n<p class=\"\"><strong>Politique de Confidentialit\u00e9<\/strong><\/p>\n<p class=\"\">Cette Politique de Confidentialit\u00e9 d\u00e9crit comment vos informations personnelles sont collect\u00e9es, utilis\u00e9es et partag\u00e9es lorsque vous visitez ou effectuez un achat sur <strong>Babyhouse-fr.com<\/strong> (ci-apr\u00e8s &#8220;le Site&#8221;), exploit\u00e9 par la soci\u00e9t\u00e9 <strong>GIDI SOFT LTD<\/strong>.<\/p>\n<h3 class=\"\">Informations personnelles que nous collectons<\/h3>\n<p class=\"\">Lorsque vous visitez le Site, nous recueillons automatiquement certaines informations concernant votre appareil, notamment des informations sur votre navigateur web, votre adresse IP, votre fuseau horaire et certains des cookies install\u00e9s sur votre appareil.<\/p>\n<p class=\"\">En outre, lors de votre navigation sur le Site, nous collectons des informations sur les pages web ou produits que vous consultez, les sites web ou mots-cl\u00e9s qui vous ont redirig\u00e9 vers le Site, ainsi que des informations sur votre interaction avec le Site. Nous appelons ces informations collect\u00e9es automatiquement <strong>&#8220;Informations sur l&#8217;appareil&#8221;<\/strong>.<\/p>\n<h3 class=\"\">Technologies utilis\u00e9es pour collecter les Informations sur l&#8217;appareil :<\/h3>\n<ul>\n<li class=\"\">\n<p class=\"\"><strong>Cookies<\/strong> : fichiers de donn\u00e9es plac\u00e9s sur votre appareil, souvent accompagn\u00e9s d\u2019un identifiant unique anonyme. Pour en savoir plus ou d\u00e9sactiver les cookies, visitez : <a class=\"\" href=\"http:\/\/www.allaboutcookies.org\" rel=\"noopener\">www.allaboutcookies.org<\/a><\/p>\n<\/li>\n<li class=\"\">\n<p class=\"\"><strong>Fichiers journaux (log files)<\/strong> : suivent les actions sur le Site et collectent des donn\u00e9es telles que l\u2019adresse IP, le type de navigateur, le fournisseur d\u2019acc\u00e8s, les pages de r\u00e9f\u00e9rence\/sortie, et l\u2019heure\/date de consultation.<\/p>\n<\/li>\n<li class=\"\">\n<p class=\"\"><strong>Balises web, pixels et tags<\/strong> : fichiers \u00e9lectroniques utilis\u00e9s pour enregistrer la mani\u00e8re dont vous naviguez sur le Site.<\/p>\n<\/li>\n<\/ul>\n<h3 class=\"\">Informations de commande<\/h3>\n<p class=\"\">Lorsque vous effectuez ou tentez d\u2019effectuer un achat via le Site, nous recueillons certaines informations vous concernant, notamment :<\/p>\n<ul>\n<li class=\"\">\n<p class=\"\">Nom<\/p>\n<\/li>\n<li class=\"\">\n<p class=\"\">Adresse de facturation et de livraison<\/p>\n<\/li>\n<li class=\"\">\n<p class=\"\">Informations de paiement (num\u00e9ro de carte, etc.)<\/p>\n<\/li>\n<li class=\"\">\n<p class=\"\">Adresse e-mail<\/p>\n<\/li>\n<li class=\"\">\n<p class=\"\">Num\u00e9ro de t\u00e9l\u00e9phone<\/p>\n<\/li>\n<\/ul>\n<p class=\"\">Nous appelons cela <strong>&#8220;Informations de commande&#8221;<\/strong>.<\/p>\n<p class=\"\">Lorsque nous mentionnons\u00a0<strong>&#8220;Informations personnelles&#8221;<\/strong> dans cette Politique de Confidentialit\u00e9, cela inclut \u00e0 la fois les Informations sur l\u2019appareil et les Informations de commande.<\/p>\n<h3 class=\"\">Comment utilisons-nous vos informations personnelles ?<\/h3>\n<p class=\"\">Nous utilisons principalement les Informations de commande pour :<\/p>\n<ul>\n<li class=\"\">\n<p class=\"\">Traiter vos commandes (paiement, exp\u00e9dition, facturation)<\/p>\n<\/li>\n<li class=\"\">\n<p class=\"\">Vous contacter<\/p>\n<\/li>\n<li class=\"\">\n<p class=\"\">D\u00e9tecter les fraudes ou activit\u00e9s suspectes<\/p>\n<\/li>\n<li class=\"\">\n<p class=\"\">Vous fournir des offres et actualit\u00e9s, selon vos pr\u00e9f\u00e9rences<\/p>\n<\/li>\n<\/ul>\n<p class=\"\">Nous utilisons \u00e9galement les Informations sur l\u2019appareil pour :<\/p>\n<ul>\n<li class=\"\">\n<p class=\"\">Pr\u00e9venir les risques et fraudes (notamment via votre adresse IP)<\/p>\n<\/li>\n<li class=\"\">\n<p class=\"\">Am\u00e9liorer et optimiser le Site (ex : analyses statistiques de navigation, performance de nos campagnes publicitaires)<\/p>\n<\/li>\n<\/ul>\n<h3 class=\"\">Partage de vos informations personnelles<\/h3>\n<p class=\"\">Nous partageons vos informations personnelles avec des <strong>prestataires tiers<\/strong> qui nous aident \u00e0 les utiliser comme d\u00e9crit ci-dessus.<\/p>\n<p class=\"\">Par exemple, nous utilisons <strong>Google Analytics<\/strong> pour comprendre comment nos visiteurs utilisent le Site. Pour en savoir plus sur la politique de confidentialit\u00e9 de Google :<br \/><a rel=\"noopener\">www.google.com\/intl\/fr\/policies\/privacy<\/a><br \/>Pour d\u00e9sactiver Google Analytics :<br \/><a class=\"\" href=\"https:\/\/tools.google.com\/dlpage\/gaoptout\" rel=\"noopener\">tools.google.com\/dlpage\/gaoptout<\/a><\/p>\n<p class=\"\">Nous pouvons \u00e9galement divulguer vos informations personnelles pour :<\/p>\n<ul>\n<li class=\"\">\n<p class=\"\">Nous conformer \u00e0 la l\u00e9gislation applicable<\/p>\n<\/li>\n<li class=\"\">\n<p class=\"\">R\u00e9pondre \u00e0 une requ\u00eate l\u00e9gale (assignation, mandat, etc.)<\/p>\n<\/li>\n<li class=\"\">\n<p class=\"\">Prot\u00e9ger nos droits l\u00e9gaux<\/p>\n<\/li>\n<\/ul>\n<h3 class=\"\">Publicit\u00e9 cibl\u00e9e<\/h3>\n<p class=\"\">Nous pouvons utiliser vos informations pour vous envoyer des <strong>publicit\u00e9s ou offres cibl\u00e9es<\/strong> qui pourraient vous int\u00e9resser. Pour comprendre le fonctionnement de la publicit\u00e9 cibl\u00e9e, visitez :<br \/><a class=\"\" href=\"http:\/\/www.networkadvertising.org\/understanding-online-advertising\/how-does-it-work\" rel=\"noopener\">www.networkadvertising.org\/understanding-online-advertising<\/a><\/p>\n<h3 class=\"\">Signal &#8220;Do Not Track&#8221;<\/h3>\n<p class=\"\">Veuillez noter que nous <strong>ne modifions pas<\/strong> notre comportement de collecte de donn\u00e9es lorsque nous d\u00e9tectons un signal &#8220;Do Not Track&#8221; \u00e9mis par votre navigateur.<\/p>\n<h3 class=\"\">Conservation des donn\u00e9es<\/h3>\n<p class=\"\">Lorsque vous passez une commande sur le Site, nous conservons vos informations de commande <strong>tant que n\u00e9cessaire<\/strong>, sauf si vous nous demandez explicitement de les supprimer.<\/p>\n<h3 class=\"\">Modifications<\/h3>\n<p class=\"\">Nous pouvons mettre \u00e0 jour cette Politique de Confidentialit\u00e9 de temps \u00e0 autre pour refl\u00e9ter des changements dans nos pratiques ou pour des raisons juridiques, r\u00e9glementaires ou op\u00e9rationnelles.<\/p>\n<p dir=\"auto\" style=\"white-space-collapse: preserve;\"><span style=\"text-decoration: underline;\"><span style=\"font-size: 18pt;\"><strong>Notre partenariat avec Serenity AI<\/strong><\/span><\/span><\/p>\n<p dir=\"auto\" style=\"white-space-collapse: preserve;\">Nous travaillons en partenariat avec Serenity AI, une entreprise bas\u00e9e aux \u00c9tats-Unis, afin de vous proposer certains services. Dans ce cadre, il est possible que nous partagions vos donn\u00e9es personnelles avec elle dans des circonstances pr\u00e9cises.<\/p>\n<h3 dir=\"auto\">1. Reprise de cr\u00e9ance en cas de refus de paiement (\u00ab Decline Salvage \u00bb)<\/h3>\n<p dir=\"auto\" style=\"white-space-collapse: preserve;\">Si votre transaction de paiement est refus\u00e9e, nous pouvons c\u00e9der la cr\u00e9ance \u00e0 Serenity AI et lui transmettre les d\u00e9tails de la transaction (notamment votre nom, vos coordonn\u00e9es et le montant de la transaction). Nous effectuons ce partage sur le fondement de notre int\u00e9r\u00eat l\u00e9gitime \u00e0 recouvrer un paiement que vous avez initi\u00e9. Serenity AI utilisera ces donn\u00e9es pour vous contacter afin de finaliser le paiement. Il s\u2019agit d\u2019un contrat de cession de cr\u00e9ance : Serenity AI devient alors propri\u00e9taire de la cr\u00e9ance.<\/p>\n<p dir=\"auto\" style=\"white-space-collapse: preserve;\">Base l\u00e9gale : Int\u00e9r\u00eat l\u00e9gitime (article 6, paragraphe 1, point f) du RGPD) M\u00e9canisme de transfert de donn\u00e9es : Clauses contractuelles types (CCT) approuv\u00e9es par la Commission europ\u00e9enne<\/p>\n<h3 dir=\"auto\">2. Serenity Discount Club<\/h3>\n<p dir=\"auto\" style=\"white-space-collapse: preserve;\">Si vous choisissez de souscrire \u00e0 l\u2019adh\u00e9sion Serenity Discount Club, nous transmettrons vos donn\u00e9es (telles que votre nom et votre adresse e-mail) \u00e0 Serenity AI afin de vous inscrire au programme. Ces donn\u00e9es ne sont partag\u00e9es qu\u2019avec votre consentement explicite, que vous donnez en cochant la case correspondante lors de votre inscription.<\/p>\n<p dir=\"auto\" style=\"white-space-collapse: preserve;\">\u00a0Base l\u00e9gale : Consentement (article 6, paragraphe 1, point a) du RGPD) M\u00e9canisme de transfert de donn\u00e9es : Clauses contractuelles types (CCT)<\/p>\n<p dir=\"auto\" style=\"white-space-collapse: preserve;\">Dans les deux cas, Serenity AI agit en tant que responsable de traitement ind\u00e9pendant pour les donn\u00e9es qu\u2019elle re\u00e7oit. Pour plus d\u2019informations sur leurs pratiques en mati\u00e8re de donn\u00e9es personnelles, veuillez consulter leur politique de confidentialit\u00e9 sur : joinserenity.ai\/privacy<\/p>\n<p class=\"\">\u00a0<\/p>\n<p dir=\"auto\" style=\"white-space-collapse: preserve;\">Vos droits : Vous avez le droit d\u2019obtenir davantage d\u2019informations sur ces transferts de donn\u00e9es, de vous opposer au traitement et de d\u00e9poser une plainte aupr\u00e8s de votre autorit\u00e9 de protection des donn\u00e9es. Contactez notre d\u00e9l\u00e9gu\u00e9 \u00e0 la protection des donn\u00e9es \u00e0 l\u2019adresse : contact@babyhouse-fr.com<\/p>\n<h3 class=\"\">Contactez-nous<\/h3>\n<p class=\"\">Pour plus d\u2019informations concernant notre politique de confidentialit\u00e9, pour toute question ou si vous souhaitez d\u00e9poser une r\u00e9clamation, veuillez nous contacter par e\u2011mail \u00e0 l\u2019adresse suivante : <strong>contact@babyhouse-fr.com<\/strong><\/p>\n<p><strong>Contactez-nous<\/strong><\/p>\n<p><strong>Si\u00e8ge social (Soci\u00e9t\u00e9 \u00e9ditrice du site)<\/strong> :<br \/>GIDI SOFT LTD<br \/>3 Maritime Court, Dock Road<br \/>Chatham, ME4 4FH, Royaume-Uni<br \/>Num\u00e9ro d&#8217;entreprise : 16305484<br \/>UTR fiscal : 19803 09257<br \/>Directeur et UBO : Vasil Raychov MISHEV<\/p>\n<p><strong>Adresse de contact op\u00e9rationnel en France<\/strong> :<br \/>BABYRIDE<br \/>3 Maritime Court, Dock Road, Chatham,<br \/>ME4 4FH, Royaume-Uni.<\/p>\n<p><strong>Assistance par e-mail<\/strong> : contact@babyhouse-fr.com<br \/>Service client t\u00e9l\u00e9phonique :<br \/>+33 7 56 84 59 79<\/p>\n<p class=\"\"><b id=\"docs-internal-guid-129b6753-7fff-f7a0-b738-fe41518d0f44\">lundi au samedi, de 8h \u00e0 19h\u00a0<\/b><\/p>\n<p class=\"\"><b>\u00a0<\/b><\/p>\n<\/div>\n<\/div>\n<p><!-- \/wp:html --><!-- wp:paragraph --><\/p>\n<p><!-- \/wp:paragraph --><\/p>\t\t\t\t\t\t\t\t<\/div>\n\t\t\t\t<\/div>\n\t\t\t\t\t<\/div>\n\t\t\t\t<\/div>\n\t\t\t\t<\/div>\n\t\t","protected":false},"excerpt":{"rendered":"<p>Politique de Confidentialit\u00e9 Cette Politique de Confidentialit\u00e9 d\u00e9crit comment vos informations personnelles sont collect\u00e9es, utilis\u00e9es et partag\u00e9es lorsque vous visitez [&hellip;]<\/p>\n","protected":false},"author":1,"featured_media":0,"parent":0,"menu_order":0,"comment_status":"closed","ping_status":"open","template":"","meta":{"site-sidebar-layout":"default","site-content-layout":"","ast-site-content-layout":"","site-content-style":"default","site-sidebar-style":"default","ast-global-header-display":"","ast-banner-title-visibility":"","ast-main-header-display":"","ast-hfb-above-header-display":"","ast-hfb-below-header-display":"","ast-hfb-mobile-header-display":"","site-post-title":"","ast-breadcrumbs-content":"","ast-featured-img":"","footer-sml-layout":"","theme-transparent-header-meta":"","adv-header-id-meta":"","stick-header-meta":"","header-above-stick-meta":"","header-main-stick-meta":"","header-below-stick-meta":"","astra-migrate-meta-layouts":"default","ast-page-background-enabled":"default","ast-page-background-meta":{"desktop":{"background-color":"var(--ast-global-color-5)","background-image":"","background-repeat":"repeat","background-position":"center center","background-size":"auto","background-attachment":"scroll","background-type":"","background-media":"","overlay-type":"","overlay-color":"","overlay-opacity":"","overlay-gradient":""},"tablet":{"background-color":"","background-image":"","background-repeat":"repeat","background-position":"center center","background-size":"auto","background-attachment":"scroll","background-type":"","background-media":"","overlay-type":"","overlay-color":"","overlay-opacity":"","overlay-gradient":""},"mobile":{"background-color":"","background-image":"","background-repeat":"repeat","background-position":"center center","background-size":"auto","background-attachment":"scroll","background-type":"","background-media":"","overlay-type":"","overlay-color":"","overlay-opacity":"","overlay-gradient":""}},"ast-content-background-meta":{"desktop":{"background-color":"var(--ast-global-color-4)","background-image":"","background-repeat":"repeat","background-position":"center center","background-size":"auto","background-attachment":"scroll","background-type":"","background-media":"","overlay-type":"","overlay-color":"","overlay-opacity":"","overlay-gradient":""},"tablet":{"background-color":"var(--ast-global-color-4)","background-image":"","background-repeat":"repeat","background-position":"center center","background-size":"auto","background-attachment":"scroll","background-type":"","background-media":"","overlay-type":"","overlay-color":"","overlay-opacity":"","overlay-gradient":""},"mobile":{"background-color":"var(--ast-global-color-4)","background-image":"","background-repeat":"repeat","background-position":"center center","background-size":"auto","background-attachment":"scroll","background-type":"","background-media":"","overlay-type":"","overlay-color":"","overlay-opacity":"","overlay-gradient":""}},"footnotes":""},"class_list":["post-3","page","type-page","status-publish","hentry"],"_links":{"self":[{"href":"https:\/\/babyhouse-fr.com\/index.php?rest_route=\/wp\/v2\/pages\/3","targetHints":{"allow":["GET"]}}],"collection":[{"href":"https:\/\/babyhouse-fr.com\/index.php?rest_route=\/wp\/v2\/pages"}],"about":[{"href":"https:\/\/babyhouse-fr.com\/index.php?rest_route=\/wp\/v2\/types\/page"}],"author":[{"embeddable":true,"href":"https:\/\/babyhouse-fr.com\/index.php?rest_route=\/wp\/v2\/users\/1"}],"replies":[{"embeddable":true,"href":"https:\/\/babyhouse-fr.com\/index.php?rest_route=%2Fwp%2Fv2%2Fcomments&post=3"}],"version-history":[{"count":10,"href":"https:\/\/babyhouse-fr.com\/index.php?rest_route=\/wp\/v2\/pages\/3\/revisions"}],"predecessor-version":[{"id":565,"href":"https:\/\/babyhouse-fr.com\/index.php?rest_route=\/wp\/v2\/pages\/3\/revisions\/565"}],"wp:attachment":[{"href":"https:\/\/babyhouse-fr.com\/index.php?rest_route=%2Fwp%2Fv2%2Fmedia&parent=3"}],"curies":[{"name":"wp","href":"https:\/\/api.w.org\/{rel}","templated":true}]}}