{"id":365,"date":"2025-05-18T01:46:34","date_gmt":"2025-05-18T01:46:34","guid":{"rendered":"https:\/\/babyhouse-fr.com\/?post_type=product&#038;p=365"},"modified":"2025-09-21T17:22:46","modified_gmt":"2025-09-21T17:22:46","slug":"siege-auto-360-pro","status":"publish","type":"product","link":"https:\/\/babyhouse-fr.com\/?product=siege-auto-360-pro","title":{"rendered":"Si\u00e8ge auto 360 Pro"},"content":{"rendered":"<div id=\"ProductAccordion-collapsible_tab_hd8fqp-template--23554367488264__main\" class=\"accordion__content rte\">\n<p><strong>D\u00e9couvrez le 360 Pro \u2013 Confort, praticit\u00e9 et s\u00e9curit\u00e9 d\u00e8s le premier jour<\/strong><\/p>\n<p>Vous recherchez confort, praticit\u00e9 et s\u00e9curit\u00e9 d\u00e8s la naissance ? Le si\u00e8ge auto <strong>360 Pro<\/strong> est la solution id\u00e9ale. Con\u00e7u pour les b\u00e9b\u00e9s de la naissance jusqu\u2019\u00e0 environ 15 mois, il pivote en douceur \u00e0 360\u00b0 sur la base <strong>FamilyFix 360<\/strong> (vendue s\u00e9par\u00e9ment) et peut \u00eatre tourn\u00e9 d\u2019une seule main, pour une installation rapide et sans effort.<\/p>\n<p><strong>INSTALLATION<\/strong><\/p>\n<p>Lorsque vous installez votre b\u00e9b\u00e9 en voiture, douceur et confort sont essentiels. Le harnais intelligent du <strong>360 Pro<\/strong> permet d\u2019attacher et de d\u00e9tacher votre b\u00e9b\u00e9 en toute simplicit\u00e9. Le coussin r\u00e9ducteur, sp\u00e9cialement con\u00e7u pour les nouveau-n\u00e9s, garantit un confort optimal \u00e0 chaque trajet.<\/p>\n<p>Le <strong>360 Pro<\/strong> peut \u00eatre utilis\u00e9 comme si\u00e8ge auto pivotant pour b\u00e9b\u00e9, en combinaison avec la base <strong>FamilyFix 360<\/strong>. Cette base est \u00e9quip\u00e9e de connecteurs ISOFIX et d\u2019une jambe de force, offrant le syst\u00e8me le plus s\u00fbr et le plus rapide pour installer un si\u00e8ge auto. La base <strong>FamilyFix 360<\/strong>, avec son syst\u00e8me de rotation intelligent int\u00e9gr\u00e9, permet de tourner le si\u00e8ge auto d\u2019une seule main, rendant l\u2019installation de votre b\u00e9b\u00e9 plus simple que jamais.<\/p>\n<p>Conforme \u00e0 la derni\u00e8re norme de s\u00e9curit\u00e9 <strong>i-Size (R129\/03)<\/strong>, le <strong>360 Pro<\/strong> doit \u00eatre utilis\u00e9 en position dos \u00e0 la route. Pour une installation parfaite, suivez les instructions d\u00e9taill\u00e9es du mode d\u2019emploi.<\/p>\n<p><strong>S\u00c9CURIT\u00c9<\/strong><\/p>\n<p>Pour garantir la s\u00e9curit\u00e9 et le confort de votre b\u00e9b\u00e9, le <strong>360 Pro<\/strong> int\u00e8gre des fonctionnalit\u00e9s avanc\u00e9es comme <strong>ClimaFlow<\/strong>, qui aide \u00e0 r\u00e9guler la temp\u00e9rature de votre enfant, et la technologie <strong>G-CELL<\/strong>, qui offre une protection renforc\u00e9e en cas de collision lat\u00e9rale.<\/p>\n<p>Sa poign\u00e9e ergonomique facilite le transport du si\u00e8ge auto, vous permettant de l\u2019emmener partout o\u00f9 vous allez. D\u00e8s le premier jour, le <strong>360 Pro<\/strong> assure un confort in\u00e9gal\u00e9 et une s\u00e9curit\u00e9 maximale \u00e0 votre enfant, tout en vous offrant une commodit\u00e9 incomparable.<\/p>\n<p><strong>UNE GAMME \u00c9VOLUTIVE POUR ACCOMPAGNER VOTRE ENFANT<\/strong><\/p>\n<p>Le <strong>360 Pro<\/strong> fait partie de la nouvelle g\u00e9n\u00e9ration de si\u00e8ges auto pivotants, la gamme <strong>360 Family<\/strong>. Avec la base pivotante <strong>FamilyFix 360<\/strong>, compatible avec les si\u00e8ges <strong>360 Pro<\/strong> (jusqu\u2019\u00e0 environ 15 mois) et <strong>Pearl 360<\/strong> (jusqu\u2019\u00e0 4 ans), cette gamme \u00e9volutive accompagne votre b\u00e9b\u00e9 de la naissance jusqu\u2019\u00e0 ses 4 ans en toute s\u00e9curit\u00e9 et s\u00e9r\u00e9nit\u00e9.<\/p>\n<\/div>\n","protected":false},"excerpt":{"rendered":"<div class=\"product__description rte quick-add-hidden\" style=\"--margin-top: 1.5rem; --margin-bottom: 1.5rem;\">\n<p><strong>360 Pro \u2013 Si\u00e8ge auto pivotant pour un confort et une s\u00e9curit\u00e9 maximale<\/strong><\/p>\n<p>Le si\u00e8ge auto 360 Pro est con\u00e7u pour accompagner votre b\u00e9b\u00e9 d\u00e8s la naissance jusqu\u2019\u00e0 environ 15 mois. En combinaison avec la base pivotante FamilyFix 360 (vendue s\u00e9par\u00e9ment), il offre une rotation fluide \u00e0 360\u00b0, manipulable d\u2019une seule main pour une installation ultra-pratique.<\/p>\n<p>\u00c9quip\u00e9 du harnais intelligent et d\u2019un coussin r\u00e9ducteur adapt\u00e9 aux nouveau-n\u00e9s, le 360 Pro assure confort et s\u00e9curit\u00e9 \u00e0 votre enfant d\u00e8s le premier jour. Sa technologie ClimaFlow r\u00e9gule la temp\u00e9rature et la protection G-CELL renforce la s\u00e9curit\u00e9 en cas de collision lat\u00e9rale.<\/p>\n<p>Gr\u00e2ce \u00e0 son design ergonomique et \u00e0 la norme de s\u00e9curit\u00e9 i-Size, le 360 Pro garantit des trajets en toute s\u00e9r\u00e9nit\u00e9, tout en s\u2019adaptant parfaitement \u00e0 la croissance de votre b\u00e9b\u00e9.<\/p>\n<\/div>\n","protected":false},"featured_media":369,"comment_status":"open","ping_status":"closed","template":"","meta":{"site-sidebar-layout":"default","site-content-layout":"","ast-site-content-layout":"default","site-content-style":"default","site-sidebar-style":"default","ast-global-header-display":"","ast-banner-title-visibility":"","ast-main-header-display":"","ast-hfb-above-header-display":"","ast-hfb-below-header-display":"","ast-hfb-mobile-header-display":"","site-post-title":"","ast-breadcrumbs-content":"","ast-featured-img":"","footer-sml-layout":"","theme-transparent-header-meta":"default","adv-header-id-meta":"","stick-header-meta":"","header-above-stick-meta":"","header-main-stick-meta":"","header-below-stick-meta":"","astra-migrate-meta-layouts":"set","ast-page-background-enabled":"default","ast-page-background-meta":{"desktop":{"background-color":"var(--ast-global-color-5)","background-image":"","background-repeat":"repeat","background-position":"center center","background-size":"auto","background-attachment":"scroll","background-type":"","background-media":"","overlay-type":"","overlay-color":"","overlay-opacity":"","overlay-gradient":""},"tablet":{"background-color":"","background-image":"","background-repeat":"repeat","background-position":"center center","background-size":"auto","background-attachment":"scroll","background-type":"","background-media":"","overlay-type":"","overlay-color":"","overlay-opacity":"","overlay-gradient":""},"mobile":{"background-color":"","background-image":"","background-repeat":"repeat","background-position":"center center","background-size":"auto","background-attachment":"scroll","background-type":"","background-media":"","overlay-type":"","overlay-color":"","overlay-opacity":"","overlay-gradient":""}},"ast-content-background-meta":{"desktop":{"background-color":"var(--ast-global-color-4)","background-image":"","background-repeat":"repeat","background-position":"center center","background-size":"auto","background-attachment":"scroll","background-type":"","background-media":"","overlay-type":"","overlay-color":"","overlay-opacity":"","overlay-gradient":""},"tablet":{"background-color":"var(--ast-global-color-4)","background-image":"","background-repeat":"repeat","background-position":"center center","background-size":"auto","background-attachment":"scroll","background-type":"","background-media":"","overlay-type":"","overlay-color":"","overlay-opacity":"","overlay-gradient":""},"mobile":{"background-color":"var(--ast-global-color-4)","background-image":"","background-repeat":"repeat","background-position":"center center","background-size":"auto","background-attachment":"scroll","background-type":"","background-media":"","overlay-type":"","overlay-color":"","overlay-opacity":"","overlay-gradient":""}}},"product_brand":[],"product_cat":[26],"product_tag":[],"class_list":{"0":"post-365","1":"product","2":"type-product","3":"status-publish","4":"has-post-thumbnail","6":"product_cat-sieges-auto-bebes","7":"desktop-align-left","8":"tablet-align-left","9":"mobile-align-left","11":"first","12":"instock","13":"shipping-taxable","14":"purchasable","15":"product-type-variable"},"_links":{"self":[{"href":"https:\/\/babyhouse-fr.com\/index.php?rest_route=\/wp\/v2\/product\/365","targetHints":{"allow":["GET"]}}],"collection":[{"href":"https:\/\/babyhouse-fr.com\/index.php?rest_route=\/wp\/v2\/product"}],"about":[{"href":"https:\/\/babyhouse-fr.com\/index.php?rest_route=\/wp\/v2\/types\/product"}],"replies":[{"embeddable":true,"href":"https:\/\/babyhouse-fr.com\/index.php?rest_route=%2Fwp%2Fv2%2Fcomments&post=365"}],"wp:featuredmedia":[{"embeddable":true,"href":"https:\/\/babyhouse-fr.com\/index.php?rest_route=\/wp\/v2\/media\/369"}],"wp:attachment":[{"href":"https:\/\/babyhouse-fr.com\/index.php?rest_route=%2Fwp%2Fv2%2Fmedia&parent=365"}],"wp:term":[{"taxonomy":"product_brand","embeddable":true,"href":"https:\/\/babyhouse-fr.com\/index.php?rest_route=%2Fwp%2Fv2%2Fproduct_brand&post=365"},{"taxonomy":"product_cat","embeddable":true,"href":"https:\/\/babyhouse-fr.com\/index.php?rest_route=%2Fwp%2Fv2%2Fproduct_cat&post=365"},{"taxonomy":"product_tag","embeddable":true,"href":"https:\/\/babyhouse-fr.com\/index.php?rest_route=%2Fwp%2Fv2%2Fproduct_tag&post=365"}],"curies":[{"name":"wp","href":"https:\/\/api.w.org\/{rel}","templated":true}]}}