{"id":397,"date":"2025-05-18T02:07:42","date_gmt":"2025-05-18T02:07:42","guid":{"rendered":"https:\/\/babyhouse-fr.com\/?post_type=product&#038;p=397"},"modified":"2025-09-21T17:18:53","modified_gmt":"2025-09-21T17:18:53","slug":"chaise-haute-azura","status":"publish","type":"product","link":"https:\/\/babyhouse-fr.com\/?product=chaise-haute-azura","title":{"rendered":"Chaise haute Azura"},"content":{"rendered":"<div id=\"ProductAccordion-collapsible_tab_hd8fqp-template--23743167201544__main\" class=\"accordion__content rte\">\n<p><strong>Azura<\/strong> est une \u00e9l\u00e9gante chaise haute en bois qui assure un confort optimal de la naissance jusqu&#8217;\u00e0 l&#8217;\u00e2ge adulte. Son design unique est facilement r\u00e9glable pour garantir que votre enfant sera toujours confortablement install\u00e9 \u00e0 table, quel que soit son \u00e2ge. Con\u00e7ue pour durer, <strong>Azura<\/strong> est compos\u00e9e de h\u00eatre r\u00e9sistant et de tissus recycl\u00e9s haut de gamme. Son design moderne mais intemporel assure une utilisation pendant toute une vie.<\/p>\n<p><strong>Caract\u00e9ristiques de confort<\/strong><br \/>\nD\u00e8s le premier jour, votre nouveau-n\u00e9 sera prot\u00e9g\u00e9 dans un confort optimal, inclin\u00e9 dans le coussin r\u00e9ducteur souple pour b\u00e9b\u00e9 (inclus dans le kit nouveau-n\u00e9* vendu s\u00e9par\u00e9ment). <strong>Azura<\/strong> est une chaise haute utilisable d\u00e8s la naissance qui propose deux positions d&#8217;inclinaison pour les nouveau-n\u00e9s : enti\u00e8rement inclin\u00e9e pour permettre aux b\u00e9b\u00e9s de 0 \u00e0 4 mois de s&#8217;allonger, ainsi qu&#8217;une position assise plus confortable quand b\u00e9b\u00e9 commence \u00e0 varier son alimentation et peut mieux maintenir sa t\u00eate. Quel que soit son \u00e2ge, votre tout-petit sera toujours install\u00e9 et soutenu confortablement gr\u00e2ce au dossier haut unique de <strong>Azura<\/strong>. Avec ses fonctionnalit\u00e9s personnalisables, comme le repose-pieds et la position de l&#8217;assise r\u00e9glables ainsi que le dossier inclinable, la chaise haute <strong>Azura<\/strong> propose un grand nombre de positions et de possibilit\u00e9s privil\u00e9giant le confort, pendant des d\u00e9cennies. <em>Kit nouveau-n\u00e9 Azura (0 \u00e0 6 mois) et kit b\u00e9b\u00e9\/bambin Azura (6 mois et plus) vendus s\u00e9par\u00e9ment.<\/em><\/p>\n<p><strong>Facilit\u00e9 d&#8217;utilisation<\/strong><br \/>\n\u00c0 chaque phase de son cycle de vie, <strong>Azura<\/strong> est con\u00e7ue pour \u00eatre facile \u00e0 utiliser au quotidien. <strong>Azura<\/strong> est une chaise haute utilisable d\u00e8s la naissance*, avec un montage rapide et facile. Cette chaise haute inclinable passe harmonieusement du mode nouveau-n\u00e9 compl\u00e8tement inclin\u00e9 \u00e0 une chaise haute pour bambin, puis \u00e0 une chaise pour adulte. L&#8217;assise et le repose-pieds r\u00e9glables offrent un confort optimal \u00e0 votre enfant en accompagnant sa croissance au fil des ans. Les lignes \u00e9pur\u00e9es et le design homog\u00e8ne de <strong>Azura<\/strong> garantissent que les miettes et les aliments ne resteront pas coinc\u00e9s dans les fentes et les interstices, facilitant \u00e9norm\u00e9ment son nettoyage. Les tissus hydrofuges* permettent d&#8217;essuyer simplement toutes les salet\u00e9s. <em>avec le kit nouveau-n\u00e9 Azura (0 \u00e0 6 mois) et kit b\u00e9b\u00e9\/bambin Azura (6 mois et plus) vendus s\u00e9par\u00e9ment.<\/em><\/p>\n<p><strong>Tranche d&#8217;\u00e2ge<\/strong><br \/>\n<strong>Azura<\/strong> est une chaise haute inclinable con\u00e7ue pour les nouveau-n\u00e9s, les bambins, les adolescents, les mamans, les papas et m\u00eame les mamies et les papis. De la naissance \u00e0 l&#8217;\u00e2ge adulte, <strong>Azura<\/strong> est une chaise haute inclinable et confortable dans toutes les positions. Commencez avec votre nouveau-n\u00e9 compl\u00e8tement inclin\u00e9 dans le coussin r\u00e9ducteur pour b\u00e9b\u00e9*, puis lorsque votre b\u00e9b\u00e9 a 6 mois, il est temps de l&#8217;installer \u00e0 table, soutenu dans la chaise haute pour bambin. Lorsque votre enfant grandit, la position de l&#8217;assise et du dossier astucieux de <strong>Azura<\/strong>, fabriqu\u00e9s en bois, peut \u00eatre invers\u00e9e pour offrir aux membres de votre famille une chaise en bois r\u00e9sistante qu&#8217;ils utiliseront et appr\u00e9cieront toute leur vie et qui durera des d\u00e9cennies. <em>Vendus s\u00e9par\u00e9ment.<\/em><\/p>\n<p><strong>Conception<\/strong><br \/>\nAvec son design moderne et \u00e9pur\u00e9, <strong>Azura<\/strong> s&#8217;int\u00e8gre dans tous les int\u00e9rieurs. Que vous installiez la chaise haute utilisable d\u00e8s la naissance* autour de la table de la cuisine, dans le salon, au sein d&#8217;une salle de jeux, dans un bureau ou dans la chambre de votre enfant, l&#8217;aspect intemporel et les \u00e9l\u00e9ments en bois de <strong>Azura<\/strong> ne seront jamais d\u00e9mod\u00e9s. Compos\u00e9 de h\u00eatre r\u00e9sistant de haute qualit\u00e9 et d&#8217;une quantit\u00e9 minimale de mati\u00e8res plastiques, ce mod\u00e8le n\u00e9erlandais est un classique en devenir. Les kits en tissu pour nouveau-n\u00e9 et pour bambin <strong>Azura<\/strong> b\u00e9n\u00e9ficient de tissus Eco Care 100 % recycl\u00e9s. Pens\u00e9e pour l&#8217;avenir, <strong>Azura<\/strong> a \u00e9t\u00e9 con\u00e7ue pour durer toute une vie.<\/p>\n<\/div>\n","protected":false},"excerpt":{"rendered":"<div class=\"product__description rte quick-add-hidden\" style=\"--margin-top: 1.5rem; --margin-bottom: 1.5rem;\">\n<p>\u00c9l\u00e9gante et durable, la chaise haute <strong>Azura<\/strong>\u00a0accompagne votre enfant de la naissance jusqu\u2019\u00e0 l\u2019\u00e2ge adulte. Avec son <strong>design en bois r\u00e9glable<\/strong>, son dossier haut et ses tissus 100 % recycl\u00e9s, Azura allie <strong>confort, style et praticit\u00e9<\/strong>. De nouveau-n\u00e9 \u00e0 adulte, elle \u00e9volue avec votre famille pour durer toute une vie.<\/p>\n<\/div>\n","protected":false},"featured_media":398,"comment_status":"open","ping_status":"closed","template":"","meta":{"site-sidebar-layout":"default","site-content-layout":"","ast-site-content-layout":"default","site-content-style":"default","site-sidebar-style":"default","ast-global-header-display":"","ast-banner-title-visibility":"","ast-main-header-display":"","ast-hfb-above-header-display":"","ast-hfb-below-header-display":"","ast-hfb-mobile-header-display":"","site-post-title":"","ast-breadcrumbs-content":"","ast-featured-img":"","footer-sml-layout":"","theme-transparent-header-meta":"default","adv-header-id-meta":"","stick-header-meta":"","header-above-stick-meta":"","header-main-stick-meta":"","header-below-stick-meta":"","astra-migrate-meta-layouts":"set","ast-page-background-enabled":"default","ast-page-background-meta":{"desktop":{"background-color":"var(--ast-global-color-5)","background-image":"","background-repeat":"repeat","background-position":"center center","background-size":"auto","background-attachment":"scroll","background-type":"","background-media":"","overlay-type":"","overlay-color":"","overlay-opacity":"","overlay-gradient":""},"tablet":{"background-color":"","background-image":"","background-repeat":"repeat","background-position":"center center","background-size":"auto","background-attachment":"scroll","background-type":"","background-media":"","overlay-type":"","overlay-color":"","overlay-opacity":"","overlay-gradient":""},"mobile":{"background-color":"","background-image":"","background-repeat":"repeat","background-position":"center center","background-size":"auto","background-attachment":"scroll","background-type":"","background-media":"","overlay-type":"","overlay-color":"","overlay-opacity":"","overlay-gradient":""}},"ast-content-background-meta":{"desktop":{"background-color":"var(--ast-global-color-4)","background-image":"","background-repeat":"repeat","background-position":"center center","background-size":"auto","background-attachment":"scroll","background-type":"","background-media":"","overlay-type":"","overlay-color":"","overlay-opacity":"","overlay-gradient":""},"tablet":{"background-color":"var(--ast-global-color-4)","background-image":"","background-repeat":"repeat","background-position":"center center","background-size":"auto","background-attachment":"scroll","background-type":"","background-media":"","overlay-type":"","overlay-color":"","overlay-opacity":"","overlay-gradient":""},"mobile":{"background-color":"var(--ast-global-color-4)","background-image":"","background-repeat":"repeat","background-position":"center center","background-size":"auto","background-attachment":"scroll","background-type":"","background-media":"","overlay-type":"","overlay-color":"","overlay-opacity":"","overlay-gradient":""}}},"product_brand":[],"product_cat":[30],"product_tag":[],"class_list":{"0":"post-397","1":"product","2":"type-product","3":"status-publish","4":"has-post-thumbnail","6":"product_cat-chaises-hautes","7":"desktop-align-left","8":"tablet-align-left","9":"mobile-align-left","11":"first","12":"instock","13":"shipping-taxable","14":"purchasable","15":"product-type-simple"},"_links":{"self":[{"href":"https:\/\/babyhouse-fr.com\/index.php?rest_route=\/wp\/v2\/product\/397","targetHints":{"allow":["GET"]}}],"collection":[{"href":"https:\/\/babyhouse-fr.com\/index.php?rest_route=\/wp\/v2\/product"}],"about":[{"href":"https:\/\/babyhouse-fr.com\/index.php?rest_route=\/wp\/v2\/types\/product"}],"replies":[{"embeddable":true,"href":"https:\/\/babyhouse-fr.com\/index.php?rest_route=%2Fwp%2Fv2%2Fcomments&post=397"}],"wp:featuredmedia":[{"embeddable":true,"href":"https:\/\/babyhouse-fr.com\/index.php?rest_route=\/wp\/v2\/media\/398"}],"wp:attachment":[{"href":"https:\/\/babyhouse-fr.com\/index.php?rest_route=%2Fwp%2Fv2%2Fmedia&parent=397"}],"wp:term":[{"taxonomy":"product_brand","embeddable":true,"href":"https:\/\/babyhouse-fr.com\/index.php?rest_route=%2Fwp%2Fv2%2Fproduct_brand&post=397"},{"taxonomy":"product_cat","embeddable":true,"href":"https:\/\/babyhouse-fr.com\/index.php?rest_route=%2Fwp%2Fv2%2Fproduct_cat&post=397"},{"taxonomy":"product_tag","embeddable":true,"href":"https:\/\/babyhouse-fr.com\/index.php?rest_route=%2Fwp%2Fv2%2Fproduct_tag&post=397"}],"curies":[{"name":"wp","href":"https:\/\/api.w.org\/{rel}","templated":true}]}}