{"id":410,"date":"2025-05-18T02:15:53","date_gmt":"2025-05-18T02:15:53","guid":{"rendered":"https:\/\/babyhouse-fr.com\/?post_type=product&#038;p=410"},"modified":"2025-05-19T10:11:05","modified_gmt":"2025-05-19T10:11:05","slug":"balancelle-electrique-nimba","status":"publish","type":"product","link":"https:\/\/babyhouse-fr.com\/?product=balancelle-electrique-nimba","title":{"rendered":"Balancelle \u00e9lectrique Nimba"},"content":{"rendered":"<div id=\"ProductAccordion-collapsible_tab_hd8fqp-template--23766325920008__main\" class=\"accordion__content rte\">\n<p><strong>Une \u00e9l\u00e9gante balancelle \u00e9lectrique con\u00e7ue pour aider les parents avec leur nouveau-n\u00e9 lorsqu&#8217;ils ont besoin d&#8217;avoir les mains libres.<\/strong><\/p>\n<p>Utilisable de la naissance jusqu&#8217;\u00e0 6 mois (environ 9 kg), Nimba d\u00e9tecte quand votre tout-petit est agit\u00e9 et commence instinctivement un mouvement de balancement pour l&#8217;apaiser. Cocoon\u00e9 dans le coussin r\u00e9ducteur doux et rembourr\u00e9, votre b\u00e9b\u00e9 sera r\u00e9confort\u00e9 par les 12 m\u00e9lodies et sons de la nature de Nimba. O\u00f9 que vous soyez dans la pi\u00e8ce, la rotation \u00e0 360\u2070 vous permet de conserver le contact visuel avec votre tout-petit.<\/p>\n<h3><strong>Caract\u00e9ristiques de confort<\/strong><\/h3>\n<p>Nimba est enti\u00e8rement con\u00e7ue pour r\u00e9conforter et apaiser b\u00e9b\u00e9 pendant ses 6 premiers mois. Le coussin r\u00e9ducteur doux pour nouveau-n\u00e9 le cocoone et le r\u00e9conforte, tandis que les deux options d&#8217;inclinaison offrent une position de repos optimale ainsi qu&#8217;un si\u00e8ge confortable pour se redresser. Et le harnais de s\u00e9curit\u00e9 3 points rembourr\u00e9 le maintient bien en place. Nimba propose 5 vitesses de balancement ainsi que 12 m\u00e9lodies et sons de la nature apaisants, pour le r\u00e9conforter et le calmer en douceur, lorsque vous \u00eates occup\u00e9 \u00e0 travailler, \u00e0 cuisiner ou \u00e0 faire le m\u00e9nage \u00e0 proximit\u00e9.<\/p>\n<h3><strong>Utilisation facile<\/strong><\/h3>\n<p>Le panneau de commande \u00e0 \u00e9cran tactile intelligent de Nimba facilite grandement la vie avec un tout-petit, d&#8217;un simple clic ! \u00c9tant la balancelle la plus l\u00e9g\u00e8re de sa cat\u00e9gorie, Nimba est tr\u00e8s facile \u00e0 transporter d&#8217;une pi\u00e8ce \u00e0 l&#8217;autre, et son si\u00e8ge pivotant \u00e0 360\u00b0 vous permettra de conserver le contact visuel avec votre b\u00e9b\u00e9, o\u00f9 que vous soyez dans la pi\u00e8ce. Si vous n&#8217;avez pas de prise \u00e0 proximit\u00e9, aucun probl\u00e8me : Nimba peut \u00e9galement fonctionner sur batterie. Facile \u00e0 nettoyer, Nimba est dot\u00e9e de tissus de haute qualit\u00e9, pouvant \u00eatre retir\u00e9s sans effort et lav\u00e9s en machine, pour un si\u00e8ge toujours comme neuf.<\/p>\n<h3><strong>\u00c2ge<\/strong><\/h3>\n<p>Con\u00e7ue pour \u00eatre utilis\u00e9e de la naissance jusqu&#8217;\u00e0 6 mois (9 kg), Nimba poss\u00e8de un coussin r\u00e9ducteur doux et confortable qui r\u00e9confortera votre b\u00e9b\u00e9 pendant qu&#8217;il d\u00e9veloppera ses capacit\u00e9s d&#8217;\u00e9veil. Avec les deux positions d&#8217;inclinaison, votre b\u00e9b\u00e9 peut passer d&#8217;une position allong\u00e9e \u00e0 un si\u00e8ge plus droit. Au cours des 3 premiers mois, votre b\u00e9b\u00e9 apprendra \u00e0 vous conna\u00eetre et \u00e0 cr\u00e9er des liens. Entendre votre voix et \u00e9tablir un contact visuel gr\u00e2ce au si\u00e8ge pivotant \u00e0 360\u00b0 est donc essentiel. En grandissant, il \u00e9coutera avec plaisir les m\u00e9lodies et les sons de la nature apaisants et fera preuve d&#8217;enthousiasme en agitant ses bras et ses jambes. Vers l&#8217;\u00e2ge de 6 mois, ses yeux peuvent se concentrer et suivre les jouets qui montent, descendent et se d\u00e9placent autour de lui.<\/p>\n<h3><strong>Design<\/strong><\/h3>\n<p>Votre b\u00e9b\u00e9 se balancera avec style gr\u00e2ce \u00e0 la balancelle \u00e9lectrique Nimba. Avec ses tissus haut de gamme, ses d\u00e9tails effet bois et ses finitions luxueuses, elle s&#8217;int\u00e8grera \u00e9l\u00e9gamment \u00e0 toutes les pi\u00e8ces et \u00e0 tous les int\u00e9rieurs modernes. Son panneau de commande intuitif \u00e0 touches intelligentes est aussi beau que pratique. Avec ses lignes courbes et \u00e9pur\u00e9es et sa palette de couleurs contemporaines, Nimba est con\u00e7ue pour prendre soin de l&#8217;avenir, en r\u00e9confortant votre nouveau-n\u00e9 et en utilisant uniquement des tissus 100 % recycl\u00e9s. Haut de gamme, robuste et \u00e9l\u00e9gante, Nimba accueille confortablement votre b\u00e9b\u00e9 quand vous avez besoin d&#8217;avoir les mains libres.<\/p>\n<p>Produit par <strong>Babyride<\/strong>, Nimba allie innovation, confort et \u00e9l\u00e9gance pour les parents modernes.<\/p>\n<\/div>\n","protected":false},"excerpt":{"rendered":"<div class=\"product__description rte quick-add-hidden\" style=\"--margin-top: 1.5rem; --margin-bottom: 1.5rem;\">\n<p>Pratique, \u00e9l\u00e9gante et intelligente, la balancelle \u00e9lectrique Nimba r\u00e9conforte votre b\u00e9b\u00e9 de la naissance \u00e0 6 mois. Avec son balancement automatique, ses 12 m\u00e9lodies apaisantes, sa rotation \u00e0 360\u00b0 et son coussin r\u00e9ducteur ultra-doux, elle offre confort et s\u00e9r\u00e9nit\u00e9 aux parents et \u00e0 b\u00e9b\u00e9, tout en s\u2019int\u00e9grant parfaitement \u00e0 votre int\u00e9rieur.<\/p>\n<\/div>\n","protected":false},"featured_media":411,"comment_status":"open","ping_status":"closed","template":"","meta":{"site-sidebar-layout":"default","site-content-layout":"","ast-site-content-layout":"default","site-content-style":"default","site-sidebar-style":"default","ast-global-header-display":"","ast-banner-title-visibility":"","ast-main-header-display":"","ast-hfb-above-header-display":"","ast-hfb-below-header-display":"","ast-hfb-mobile-header-display":"","site-post-title":"","ast-breadcrumbs-content":"","ast-featured-img":"","footer-sml-layout":"","theme-transparent-header-meta":"default","adv-header-id-meta":"","stick-header-meta":"","header-above-stick-meta":"","header-main-stick-meta":"","header-below-stick-meta":"","astra-migrate-meta-layouts":"set","ast-page-background-enabled":"default","ast-page-background-meta":{"desktop":{"background-color":"var(--ast-global-color-5)","background-image":"","background-repeat":"repeat","background-position":"center center","background-size":"auto","background-attachment":"scroll","background-type":"","background-media":"","overlay-type":"","overlay-color":"","overlay-opacity":"","overlay-gradient":""},"tablet":{"background-color":"","background-image":"","background-repeat":"repeat","background-position":"center center","background-size":"auto","background-attachment":"scroll","background-type":"","background-media":"","overlay-type":"","overlay-color":"","overlay-opacity":"","overlay-gradient":""},"mobile":{"background-color":"","background-image":"","background-repeat":"repeat","background-position":"center center","background-size":"auto","background-attachment":"scroll","background-type":"","background-media":"","overlay-type":"","overlay-color":"","overlay-opacity":"","overlay-gradient":""}},"ast-content-background-meta":{"desktop":{"background-color":"var(--ast-global-color-4)","background-image":"","background-repeat":"repeat","background-position":"center center","background-size":"auto","background-attachment":"scroll","background-type":"","background-media":"","overlay-type":"","overlay-color":"","overlay-opacity":"","overlay-gradient":""},"tablet":{"background-color":"var(--ast-global-color-4)","background-image":"","background-repeat":"repeat","background-position":"center center","background-size":"auto","background-attachment":"scroll","background-type":"","background-media":"","overlay-type":"","overlay-color":"","overlay-opacity":"","overlay-gradient":""},"mobile":{"background-color":"var(--ast-global-color-4)","background-image":"","background-repeat":"repeat","background-position":"center center","background-size":"auto","background-attachment":"scroll","background-type":"","background-media":"","overlay-type":"","overlay-color":"","overlay-opacity":"","overlay-gradient":""}}},"product_brand":[],"product_cat":[33],"product_tag":[],"class_list":{"0":"post-410","1":"product","2":"type-product","3":"status-publish","4":"has-post-thumbnail","6":"product_cat-berceaux-lits-bebe1","7":"desktop-align-left","8":"tablet-align-left","9":"mobile-align-left","11":"first","12":"instock","13":"shipping-taxable","14":"purchasable","15":"product-type-simple"},"_links":{"self":[{"href":"https:\/\/babyhouse-fr.com\/index.php?rest_route=\/wp\/v2\/product\/410","targetHints":{"allow":["GET"]}}],"collection":[{"href":"https:\/\/babyhouse-fr.com\/index.php?rest_route=\/wp\/v2\/product"}],"about":[{"href":"https:\/\/babyhouse-fr.com\/index.php?rest_route=\/wp\/v2\/types\/product"}],"replies":[{"embeddable":true,"href":"https:\/\/babyhouse-fr.com\/index.php?rest_route=%2Fwp%2Fv2%2Fcomments&post=410"}],"wp:featuredmedia":[{"embeddable":true,"href":"https:\/\/babyhouse-fr.com\/index.php?rest_route=\/wp\/v2\/media\/411"}],"wp:attachment":[{"href":"https:\/\/babyhouse-fr.com\/index.php?rest_route=%2Fwp%2Fv2%2Fmedia&parent=410"}],"wp:term":[{"taxonomy":"product_brand","embeddable":true,"href":"https:\/\/babyhouse-fr.com\/index.php?rest_route=%2Fwp%2Fv2%2Fproduct_brand&post=410"},{"taxonomy":"product_cat","embeddable":true,"href":"https:\/\/babyhouse-fr.com\/index.php?rest_route=%2Fwp%2Fv2%2Fproduct_cat&post=410"},{"taxonomy":"product_tag","embeddable":true,"href":"https:\/\/babyhouse-fr.com\/index.php?rest_route=%2Fwp%2Fv2%2Fproduct_tag&post=410"}],"curies":[{"name":"wp","href":"https:\/\/api.w.org\/{rel}","templated":true}]}}